{"id":1039,"date":"2021-12-21T20:12:56","date_gmt":"2021-12-21T20:12:56","guid":{"rendered":"https:\/\/startersites.io\/elementor\/homi\/?page_id=1039"},"modified":"2025-11-04T11:49:30","modified_gmt":"2025-11-04T11:49:30","slug":"about-us","status":"publish","type":"page","link":"https:\/\/nkgclinic.com\/?page_id=1039","title":{"rendered":"Qui Nous Sommes"},"content":{"rendered":"\t\t<div data-elementor-type=\"wp-page\" data-elementor-id=\"1039\" class=\"elementor elementor-1039\">\n\t\t\t\t<div class=\"elementor-element elementor-element-6a892b6 e-flex e-con-boxed e-con e-parent\" data-id=\"6a892b6\" data-element_type=\"container\" data-e-type=\"container\">\n\t\t\t\t\t<div class=\"e-con-inner\">\n\t\t\t\t<div class=\"elementor-element elementor-element-a6d2def elementor-widget elementor-widget-text-editor\" data-id=\"a6d2def\" data-element_type=\"widget\" data-e-type=\"widget\" data-widget_type=\"text-editor.default\">\n\t\t\t\t<div class=\"elementor-widget-container\">\n\t\t\t\t\t\t\t\t\t<p><strong>Bienvenue chez NkgClinic\ud83c\udf3f, votre alli\u00e9 pour un bien-\u00eatre f\u00e9minin naturel et authentique !<\/strong><\/p><p>Fond\u00e9e par une jeune entrepreneuse passionn\u00e9e par la richesse des plantes africaines et le bien-\u00eatre des femmes, NkgClinic propose une gamme compl\u00e8te de produits de soin intime et corporel. Inspir\u00e9e par les tr\u00e9sors naturels de l&rsquo;Afrique et les traditions ancestrales, notre mission est d\u2019offrir aux femmes des produits sains, respectueux et efficaces, adapt\u00e9s \u00e0 leurs besoins quotidiens.<\/p><p><strong>Notre Vision : Une Beaut\u00e9 Saine et Responsable<\/strong><\/p><p>Chez NkgClinic, nous croyons que la beaut\u00e9 et le bien-\u00eatre passent par des ingr\u00e9dients naturels, sans compromis. Chaque produit est soigneusement con\u00e7u pour respecter la sant\u00e9 de la femme, en s\u2019appuyant sur des ingr\u00e9dients de haute qualit\u00e9 issus de plantes ancestrales africaines. Nos formules douces et efficaces sont id\u00e9ales pour celles qui recherchent des solutions naturelles, inspir\u00e9es par le savoir-faire de g\u00e9n\u00e9rations ancestrales.<\/p><p><strong>Un Engagement Ethique pour Soutenir les Femmes<\/strong><\/p><p>NkgClinic s\u2019engage aupr\u00e8s de communaut\u00e9s de femmes en Afrique, qui s\u00e9lectionnent et transforment nos ingr\u00e9dients avec soin et respect. Ce partenariat nous permet de soutenir des femmes inspirantes en leur offrant des opportunit\u00e9s \u00e9conomiques et en valorisant leurs savoir-faire uniques. Chaque produit est ainsi le r\u00e9sultat d&rsquo;un travail solidaire et d&rsquo;une vision de partage.<\/p><p><strong>Une Gamme de Soins Inspir\u00e9e de l\u2019Afrique<\/strong><\/p><p>Notre gamme de produits comprend des soins d\u2019hygi\u00e8ne intime, des soins corporels et des produits th\u00e9rapeutiques, tous formul\u00e9s pour prendre soin de vous au quotidien. Du savon naturel aux huiles nourrissantes, chaque produit refl\u00e8te notre engagement envers une beaut\u00e9 saine et durable.<\/p><p><strong>Pourquoi choisir NkgClinic ?<\/strong><\/p><ul><li><strong>Des ingr\u00e9dients naturels et efficaces<\/strong> : Des formules inspir\u00e9es des plantes africaines ancestrales, sans produits chimiques agressifs.<\/li><li><strong>Un engagement \u00e9thique et solidaire<\/strong> : En choisissant NkgClinic, vous soutenez le travail des femmes africaines et encouragez un commerce \u00e9quitable.<\/li><li><strong>Une approche respectueuse de la femme et de la nature<\/strong> : Des produits doux pour le corps, fabriqu\u00e9s avec des m\u00e9thodes qui pr\u00e9servent l\u2019environnement.<\/li><\/ul><p><span style=\"font-family: inherit; font-size: inherit; font-style: inherit; font-variant-ligatures: inherit; font-variant-caps: inherit; font-weight: inherit; text-align: var(--text-align); background-color: var(--theme-palette-color-8); color: var(--theme-text-color); letter-spacing: var(--theme-letter-spacing); text-transform: var(--theme-text-transform);\">NkgClinic est plus qu\u2019une marque : c\u2019est un engagement pour le bien-\u00eatre f\u00e9minin, la solidarit\u00e9 et la valorisation de l\u2019h\u00e9ritage africain. Nous vous invitons \u00e0 d\u00e9couvrir notre gamme et \u00e0 partager notre passion pour des produits naturels, authentiques et inspir\u00e9s de l&rsquo;Afrique.<\/span><\/p><p><span style=\"font-family: inherit; font-size: inherit; font-style: inherit; font-variant-ligatures: inherit; font-variant-caps: inherit; font-weight: inherit; text-align: var(--text-align); background-color: var(--theme-palette-color-8); color: var(--theme-text-color); letter-spacing: var(--theme-letter-spacing); text-transform: var(--theme-text-transform);\">\u00a0<\/span><\/p>\t\t\t\t\t\t\t\t<\/div>\n\t\t\t\t<\/div>\n\t\t\t\t\t<\/div>\n\t\t\t\t<\/div>\n\t\t\t\t<section class=\"elementor-section elementor-top-section elementor-element elementor-element-e840fee elementor-section-boxed elementor-section-height-default elementor-section-height-default\" data-id=\"e840fee\" data-element_type=\"section\" data-e-type=\"section\">\n\t\t\t\t\t\t<div class=\"elementor-container elementor-column-gap-extended\">\n\t\t\t\t\t<div class=\"elementor-column elementor-col-100 elementor-top-column elementor-element elementor-element-134c225\" data-id=\"134c225\" data-element_type=\"column\" data-e-type=\"column\">\n\t\t\t<div class=\"elementor-widget-wrap elementor-element-populated\">\n\t\t\t\t\t\t<div class=\"elementor-element elementor-element-09139a9 elementor-widget elementor-widget-image\" data-id=\"09139a9\" data-element_type=\"widget\" data-e-type=\"widget\" data-widget_type=\"image.default\">\n\t\t\t\t<div class=\"elementor-widget-container\">\n\t\t\t\t\t\t\t\t\t\t\t\t\t\t\t<img fetchpriority=\"high\" decoding=\"async\" width=\"768\" height=\"1152\" src=\"https:\/\/nkgclinic.com\/wp-content\/uploads\/2025\/11\/Femme-elegante-dans-une-boutique-de-luxe-768x1152.jpg\" class=\"attachment-medium_large size-medium_large wp-image-2670\" alt=\"\" srcset=\"https:\/\/nkgclinic.com\/wp-content\/uploads\/2025\/11\/Femme-elegante-dans-une-boutique-de-luxe-768x1152.jpg 768w, https:\/\/nkgclinic.com\/wp-content\/uploads\/2025\/11\/Femme-elegante-dans-une-boutique-de-luxe-200x300.jpg 200w, https:\/\/nkgclinic.com\/wp-content\/uploads\/2025\/11\/Femme-elegante-dans-une-boutique-de-luxe-683x1024.jpg 683w, https:\/\/nkgclinic.com\/wp-content\/uploads\/2025\/11\/Femme-elegante-dans-une-boutique-de-luxe-300x450.jpg 300w, https:\/\/nkgclinic.com\/wp-content\/uploads\/2025\/11\/Femme-elegante-dans-une-boutique-de-luxe-600x900.jpg 600w, https:\/\/nkgclinic.com\/wp-content\/uploads\/2025\/11\/Femme-elegante-dans-une-boutique-de-luxe.jpg 1024w\" sizes=\"(max-width: 768px) 100vw, 768px\" \/>\t\t\t\t\t\t\t\t\t\t\t\t\t\t\t<\/div>\n\t\t\t\t<\/div>\n\t\t\t\t<div class=\"elementor-element elementor-element-e4895b2 elementor-widget elementor-widget-heading\" data-id=\"e4895b2\" data-element_type=\"widget\" data-e-type=\"widget\" data-widget_type=\"heading.default\">\n\t\t\t\t<div class=\"elementor-widget-container\">\n\t\t\t\t\t<h2 class=\"elementor-heading-title elementor-size-default\">Chanel Nkanga Funda<\/h2>\t\t\t\t<\/div>\n\t\t\t\t<\/div>\n\t\t\t\t<div class=\"elementor-element elementor-element-816d8e6 elementor-widget elementor-widget-text-editor\" data-id=\"816d8e6\" data-element_type=\"widget\" data-e-type=\"widget\" data-widget_type=\"text-editor.default\">\n\t\t\t\t<div class=\"elementor-widget-container\">\n\t\t\t\t\t\t\t\t\t<p>CEO<\/p>\t\t\t\t\t\t\t\t<\/div>\n\t\t\t\t<\/div>\n\t\t\t\t<div class=\"elementor-element elementor-element-3291fe4 elementor-shape-square elementor-grid-0 e-grid-align-center elementor-widget elementor-widget-social-icons\" data-id=\"3291fe4\" data-element_type=\"widget\" data-e-type=\"widget\" data-widget_type=\"social-icons.default\">\n\t\t\t\t<div class=\"elementor-widget-container\">\n\t\t\t\t\t\t\t<div class=\"elementor-social-icons-wrapper elementor-grid\">\n\t\t\t\t\t\t\t<span class=\"elementor-grid-item\">\n\t\t\t\t\t<a class=\"elementor-icon elementor-social-icon elementor-social-icon-instagram elementor-repeater-item-2917d9a\" href=\"https:\/\/www.instagram.com\/nkg__clinic\/\" target=\"_blank\">\n\t\t\t\t\t\t<span class=\"elementor-screen-only\">Instagram<\/span>\n\t\t\t\t\t\t<svg aria-hidden=\"true\" class=\"e-font-icon-svg e-fab-instagram\" viewBox=\"0 0 448 512\" xmlns=\"http:\/\/www.w3.org\/2000\/svg\"><path d=\"M224.1 141c-63.6 0-114.9 51.3-114.9 114.9s51.3 114.9 114.9 114.9S339 319.5 339 255.9 287.7 141 224.1 141zm0 189.6c-41.1 0-74.7-33.5-74.7-74.7s33.5-74.7 74.7-74.7 74.7 33.5 74.7 74.7-33.6 74.7-74.7 74.7zm146.4-194.3c0 14.9-12 26.8-26.8 26.8-14.9 0-26.8-12-26.8-26.8s12-26.8 26.8-26.8 26.8 12 26.8 26.8zm76.1 27.2c-1.7-35.9-9.9-67.7-36.2-93.9-26.2-26.2-58-34.4-93.9-36.2-37-2.1-147.9-2.1-184.9 0-35.8 1.7-67.6 9.9-93.9 36.1s-34.4 58-36.2 93.9c-2.1 37-2.1 147.9 0 184.9 1.7 35.9 9.9 67.7 36.2 93.9s58 34.4 93.9 36.2c37 2.1 147.9 2.1 184.9 0 35.9-1.7 67.7-9.9 93.9-36.2 26.2-26.2 34.4-58 36.2-93.9 2.1-37 2.1-147.8 0-184.8zM398.8 388c-7.8 19.6-22.9 34.7-42.6 42.6-29.5 11.7-99.5 9-132.1 9s-102.7 2.6-132.1-9c-19.6-7.8-34.7-22.9-42.6-42.6-11.7-29.5-9-99.5-9-132.1s-2.6-102.7 9-132.1c7.8-19.6 22.9-34.7 42.6-42.6 29.5-11.7 99.5-9 132.1-9s102.7-2.6 132.1 9c19.6 7.8 34.7 22.9 42.6 42.6 11.7 29.5 9 99.5 9 132.1s2.7 102.7-9 132.1z\"><\/path><\/svg>\t\t\t\t\t<\/a>\n\t\t\t\t<\/span>\n\t\t\t\t\t<\/div>\n\t\t\t\t\t\t<\/div>\n\t\t\t\t<\/div>\n\t\t\t\t\t<\/div>\n\t\t<\/div>\n\t\t\t\t\t<\/div>\n\t\t<\/section>\n\t\t\t\t<\/div>\n\t\t","protected":false},"excerpt":{"rendered":"<p>Bienvenue chez NkgClinic\ud83c\udf3f, votre alli\u00e9 pour un bien-\u00eatre f\u00e9minin naturel et authentique ! Fond\u00e9e par une jeune entrepreneuse passionn\u00e9e par la richesse des plantes africaines et le bien-\u00eatre des femmes, NkgClinic propose une gamme compl\u00e8te de produits de soin intime et corporel. Inspir\u00e9e par les tr\u00e9sors naturels de l&rsquo;Afrique et les traditions ancestrales, notre mission [&hellip;]<\/p>\n","protected":false},"author":1,"featured_media":0,"parent":0,"menu_order":0,"comment_status":"closed","ping_status":"closed","template":"","meta":{"footnotes":""},"class_list":["post-1039","page","type-page","status-publish","hentry"],"blocksy_meta":{"styles_descriptor":{"styles":{"desktop":"","tablet":"","mobile":""},"google_fonts":[],"version":6}},"jetpack_sharing_enabled":true,"_links":{"self":[{"href":"https:\/\/nkgclinic.com\/index.php?rest_route=\/wp\/v2\/pages\/1039","targetHints":{"allow":["GET"]}}],"collection":[{"href":"https:\/\/nkgclinic.com\/index.php?rest_route=\/wp\/v2\/pages"}],"about":[{"href":"https:\/\/nkgclinic.com\/index.php?rest_route=\/wp\/v2\/types\/page"}],"author":[{"embeddable":true,"href":"https:\/\/nkgclinic.com\/index.php?rest_route=\/wp\/v2\/users\/1"}],"replies":[{"embeddable":true,"href":"https:\/\/nkgclinic.com\/index.php?rest_route=%2Fwp%2Fv2%2Fcomments&post=1039"}],"version-history":[{"count":28,"href":"https:\/\/nkgclinic.com\/index.php?rest_route=\/wp\/v2\/pages\/1039\/revisions"}],"predecessor-version":[{"id":2673,"href":"https:\/\/nkgclinic.com\/index.php?rest_route=\/wp\/v2\/pages\/1039\/revisions\/2673"}],"wp:attachment":[{"href":"https:\/\/nkgclinic.com\/index.php?rest_route=%2Fwp%2Fv2%2Fmedia&parent=1039"}],"curies":[{"name":"wp","href":"https:\/\/api.w.org\/{rel}","templated":true}]}}