{"id":1556,"date":"2024-10-31T12:06:40","date_gmt":"2024-10-31T12:06:40","guid":{"rendered":"https:\/\/nkgclinic.com\/?post_type=product&#038;p=1556"},"modified":"2026-01-07T19:26:01","modified_gmt":"2026-01-07T19:26:01","slug":"gommage-intime-doux","status":"publish","type":"product","link":"https:\/\/nkgclinic.com\/?product=gommage-intime-doux","title":{"rendered":"GOMMAGE INTIME &#038; CORPOREL DOUX"},"content":{"rendered":"<h3>Gommage Intime &amp; Corporel Doux \u2013 Votre Solution Pour Une Peau \u00c9clatante !<\/h3>\n<p>Dites adieu aux peaux mortes ! Ce gommage intime et corporel est sp\u00e9cialement con\u00e7u pour \u00e9liminer en douceur toutes les cellules cutan\u00e9es superficielles, vous offrant une peau lisse et renouvel\u00e9e.<\/p>\n<p>&nbsp;<\/p>\n<p><strong>\u00c9vitez les poils incarn\u00e9s<\/strong> : Formul\u00e9 pour pr\u00e9venir la formation de poils incarn\u00e9s sur la surface du maillot, ce gommage vous aide \u00e0 maintenir une zone intime nette et sans irritation.<\/p>\n<p><strong>Texture innovante<\/strong> : Gr\u00e2ce \u00e0 sa texture \u00e0 grains fins qui se transforme en mousse au contact de l&rsquo;eau, vous pourrez profiter d&rsquo;un gommage d\u00e9licat et agr\u00e9able. Fini les gommages agressifs, laissez votre peau s&rsquo;\u00e9panouir !<\/p>\n<p>Fr\u00e9quence d&rsquo;utilisation : Utilisez-le 2 \u00e0 3 fois par semaine sur le maillot et l&rsquo;ensemble du corps pour r\u00e9v\u00e9ler une peau douce, visiblement saine et \u00e9clatante. Un gommage r\u00e9gulier vous permettra d\u2019unifier votre teint et de redonner de la vitalit\u00e9 \u00e0 votre peau.<\/p>\n<p>&nbsp;<\/p>\n<p>Mode d&#8217;emploi:<br \/>\n1. Appliquez le gommage sur une peau humide.<br \/>\n2. Massez d\u00e9licatement en mouvements circulaires.<br \/>\n3. Rincez \u00e0 l&rsquo;eau ti\u00e8de pour un effet optimal.<\/p>\n<p>Astuce Pratique :<br \/>\n\u00c9vitez l&rsquo;utilisation de rasoirs ou de cr\u00e8mes d\u00e9pilatoires, qui peuvent provoquer des poils incarn\u00e9s et d\u00e9colorer la peau. Dites non aux d\u00e9mangeaisons et aux irritations en prenant soin de votre \u00e9piderme !<\/p>\n<p>&nbsp;<\/p>\n","protected":false},"excerpt":{"rendered":"[video width=\"576\" height=\"1024\" mp4=\"https:\/\/nkgclinic.com\/wp-content\/uploads\/2024\/10\/Snaptik.app_7347788915027234081.mp4\"][\/video]\n","protected":false},"featured_media":2742,"template":"","meta":[],"product_brand":[],"product_cat":[42],"product_tag":[],"class_list":{"0":"post-1556","1":"product","2":"type-product","3":"status-publish","4":"has-post-thumbnail","6":"product_cat-hygiene-et-soins-intimes","8":"first","9":"instock","10":"shipping-taxable","11":"purchasable","12":"product-type-simple"},"jetpack_sharing_enabled":true,"_links":{"self":[{"href":"https:\/\/nkgclinic.com\/index.php?rest_route=\/wp\/v2\/product\/1556","targetHints":{"allow":["GET"]}}],"collection":[{"href":"https:\/\/nkgclinic.com\/index.php?rest_route=\/wp\/v2\/product"}],"about":[{"href":"https:\/\/nkgclinic.com\/index.php?rest_route=\/wp\/v2\/types\/product"}],"version-history":[{"count":8,"href":"https:\/\/nkgclinic.com\/index.php?rest_route=\/wp\/v2\/product\/1556\/revisions"}],"predecessor-version":[{"id":2468,"href":"https:\/\/nkgclinic.com\/index.php?rest_route=\/wp\/v2\/product\/1556\/revisions\/2468"}],"wp:featuredmedia":[{"embeddable":true,"href":"https:\/\/nkgclinic.com\/index.php?rest_route=\/wp\/v2\/media\/2742"}],"wp:attachment":[{"href":"https:\/\/nkgclinic.com\/index.php?rest_route=%2Fwp%2Fv2%2Fmedia&parent=1556"}],"wp:term":[{"taxonomy":"product_brand","embeddable":true,"href":"https:\/\/nkgclinic.com\/index.php?rest_route=%2Fwp%2Fv2%2Fproduct_brand&post=1556"},{"taxonomy":"product_cat","embeddable":true,"href":"https:\/\/nkgclinic.com\/index.php?rest_route=%2Fwp%2Fv2%2Fproduct_cat&post=1556"},{"taxonomy":"product_tag","embeddable":true,"href":"https:\/\/nkgclinic.com\/index.php?rest_route=%2Fwp%2Fv2%2Fproduct_tag&post=1556"}],"curies":[{"name":"wp","href":"https:\/\/api.w.org\/{rel}","templated":true}]}}